{"id":212,"date":"2018-10-28T18:05:07","date_gmt":"2018-10-28T18:05:07","guid":{"rendered":"http:\/\/wp.teamsoundpark.fi\/?page_id=212"},"modified":"2020-12-19T17:32:35","modified_gmt":"2020-12-19T15:32:35","slug":"uutiset","status":"publish","type":"page","link":"http:\/\/wp.teamsoundpark.fi\/index.php\/uutiset\/","title":{"rendered":"Ajankohtaista"},"content":{"rendered":"\n<p>T\u00e4\u00e4lt\u00e4 l\u00f6yd\u00e4t ajankohtaiset asiat<\/p>\n\n\n<ul class=\"wp-block-latest-posts__list has-dates wp-block-latest-posts\"><li><div class=\"wp-block-latest-posts__featured-image\"><a href=\"http:\/\/wp.teamsoundpark.fi\/index.php\/2020\/12\/19\/sivusto-paivittyy\/\"><img width=\"150\" height=\"128\" src=\"http:\/\/wp.teamsoundpark.fi\/wp-content\/uploads\/2020\/12\/logo_pieni-150x128.png\" class=\"attachment-thumbnail size-thumbnail wp-post-image\" alt=\"\" loading=\"lazy\" style=\"\" \/><\/a><\/div><a href=\"http:\/\/wp.teamsoundpark.fi\/index.php\/2020\/12\/19\/sivusto-paivittyy\/\">Sivusto p\u00e4ivittyy<\/a><time datetime=\"2020-12-19T17:35:06+02:00\" class=\"wp-block-latest-posts__post-date\">19 joulukuun, 2020<\/time><div class=\"wp-block-latest-posts__post-excerpt\">Rakentelemme kaikkien projektien lis\u00e4ksi my\u00f6s t\u00e4t\u00e4 sivustoa. Perusasiat t\u00e4\u00e4lt\u00e4 jo l\u00f6ytyy ja sis\u00e4lt\u00f6\u00e4 lis\u00e4ilemme pikkuhiljaa.<\/div><\/li>\n<\/ul>","protected":false},"excerpt":{"rendered":"<p>T\u00e4\u00e4lt\u00e4 l\u00f6yd\u00e4t ajankohtaiset asiat<\/p>\n","protected":false},"author":1,"featured_media":0,"parent":0,"menu_order":0,"comment_status":"closed","ping_status":"closed","template":"","meta":[],"_links":{"self":[{"href":"http:\/\/wp.teamsoundpark.fi\/index.php\/wp-json\/wp\/v2\/pages\/212"}],"collection":[{"href":"http:\/\/wp.teamsoundpark.fi\/index.php\/wp-json\/wp\/v2\/pages"}],"about":[{"href":"http:\/\/wp.teamsoundpark.fi\/index.php\/wp-json\/wp\/v2\/types\/page"}],"author":[{"embeddable":true,"href":"http:\/\/wp.teamsoundpark.fi\/index.php\/wp-json\/wp\/v2\/users\/1"}],"replies":[{"embeddable":true,"href":"http:\/\/wp.teamsoundpark.fi\/index.php\/wp-json\/wp\/v2\/comments?post=212"}],"version-history":[{"count":5,"href":"http:\/\/wp.teamsoundpark.fi\/index.php\/wp-json\/wp\/v2\/pages\/212\/revisions"}],"predecessor-version":[{"id":449,"href":"http:\/\/wp.teamsoundpark.fi\/index.php\/wp-json\/wp\/v2\/pages\/212\/revisions\/449"}],"wp:attachment":[{"href":"http:\/\/wp.teamsoundpark.fi\/index.php\/wp-json\/wp\/v2\/media?parent=212"}],"curies":[{"name":"wp","href":"https:\/\/api.w.org\/{rel}","templated":true}]}}